igit of l?
4
Let i = -242 - -149. What is the tens digit of 474/(-81)*i - (-2)/(-9)?
4
Let v(n) = -2*n**3 + 81*n**2 + 50*n + 155. What is the units digit of v(41)?
4
Suppose 0*r - g = -3*r + 58, 66 = 3*r - 3*g. Suppose r = 6*t - 90. What is the tens digit of (24/108 - (-41)/t)*46?
1
Let w be 5704/30 + (-4)/30. Let j = -127 + 103. Let r = j + w. What is the units digit of r?
6
Let o(b) = -3*b - 19. Let y be o(-15). Suppose -3*v + v + 5*a = 16, 5*v = -4*a + y. Suppose -4*w + 11 = x, -v*w + 3*x + 6 = -w. What is the units digit of w?
3
Let x(s) = 4*s**2 + 25*s - 3. Let h be x(-6). Let c(b) = 2*b**2 - 17*b - 20. What is the units digit of c(h)?
5
Let b(s) = -3*s**2 + 41*s - 18. Let y be b(13). What is the tens digit of (y/(-20))/(6/(-480))?
3
Suppose 0*z + 2*z - 2*h = 18, -4*z + 27 = 5*h. Suppose -z = -2*q + 2. Suppose y = -q*f + 6*y + 150, 4*y = -4*f + 80. What is the tens digit of f?
2
Let f = -446 + 481. What is the hundreds digit of (-16830)/(-12)*28/f?
1
Let j(i) = 3*i**2 - 9*i + 29. Suppose 68 = 4*l + o, -5*l + 52 = 4*o - 22. Suppose -l = -9*u + 7*u. What is the tens digit of j(u)?
9
Suppose -5*q = 2*n - 31608, 0*n + 31600 = 2*n + q. What is the thousands digit of n?
5
What is the thousands digit of 4625/500*-552*2/(-3)?
3
Let a be 26/2 + -1 - (-183)/(-61). Suppose a*g = -23*g + 288. What is the units digit of g?
9
Let g(n) = 883*n**2 - 68*n + 63. What is the tens digit of g(1)?
7
What is the units digit of (-59376)/10*(-170)/102?
6
Suppose 0*x - 3*x + 124 = -p, 4*p - 20 = 0. Suppose 62*h = 56*h + 3744. Suppose x*f = 46*f - h. What is the hundreds digit of f?
2
Suppose 36 - 210 = -2*v. Let y = 65 - v. What is the tens digit of y/4*(-4 - 12)?
8
Let w(g) = 190*g**3 - 4*g**2 - 11. What is the hundreds digit of w(3)?
0
Suppose -5*y + 5946 = 3*l, 2*y - 4*l - 1172 - 1170 = 0. What is the units digit of y?
5
What is the hundreds digit of -5 - (3 - (2500 + 7 - 5))?
4
Let n = 227 - 175. Suppose -n*x + 53*x - 757 = 0. What is the hundreds digit of x?
7
Let d = 1696 + -637. What is the units digit of d?
9
Suppose -n - 538 = -4*f, -3*n + 6*n = 2*f - 274. Suppose 0 = 2*i - s - s - 64, 4*i - 2*s = f. Suppose -5*m = -i - 20. What is the tens digit of m?
1
What is the tens digit of -4*((-45)/12 - -4) + 2 - -6276?
7
Let g = 61 + -61. Let i be g*1*(-4 - -3) + -617. Let q = -419 - i. What is the hundreds digit of q?
1
Let s(d) = 3*d**2 - 17*d - 6. Let u be s(18). Suppose 0*c + 5*c = 4*t - u, -2*t = 2*c - 312. What is the hundreds digit of t?
1
Suppose -4*r - 2*h + 11564 = 2*h, -2887 = -r + 3*h. Suppose 60*n = 55*n + r. Suppose 2*s - 4*s = 3*k - 389, 3*s - n = k. What is the units digit of s?
3
Suppose 4586 = -f - c + 72304, -3*f + 5*c + 203138 = 0. What is the hundreds digit of f?
7
Let q(m) = -9*m**3 + 2*m**2 + 2*m + 6. Let x = 33 + -27. Let y(l) = -8*l**3 + 2*l**2 + l + 5. Let c(k) = x*y(k) - 5*q(k). What is the units digit of c(-3)?
1
Suppose 21 = -12*b - 3. Let s be 3 + (b/(-4) - 5/10). Suppose 16*c + j = 21*c - 830, -s*c - 3*j + 480 = 0. What is the hundreds digit of c?
1
Suppose 6*j = 18 + 30. What is the units digit of (-6)/10 - (4152/(-15))/j?
4
Let w = -253 - -397. Let g(c) = c**2 - 14*c - 6. Let q be g(15). Suppose q = 3*p - w. What is the tens digit of p?
5
Suppose -3 = p - 3. Let s be -2 - -19 - -1*p/(-4). Let d = s + 37. What is the units digit of d?
4
Let l be -3 + (2 - 0) + 3577. Suppose l = -0*n + 12*n. What is the units digit of n?
8
Let r = -1231 + 3455. What is the tens digit of r?
2
Let r(w) = 10941*w + 831. What is the units digit of r(7)?
8
Let n(h) be the third derivative of 10*h**2 + 0 + 1/3*h**3 + 0*h + 5/8*h**4. What is the units digit of n(3)?
7
Let a = -63 - -455. Let w = 1231 - a. What is the hundreds digit of w?
8
Let t(s) = -33*s**3 + 25*s + 28 + 16*s**2 + 32*s**3 - 12 + 15. What is the tens digit of t(15)?
3
Let g(p) = p**2 + 8*p - 1. Let i be g(2). Suppose 20*w - i*w - 49 = 0. Let x = 32 + w. What is the units digit of x?
1
Let g(y) = 17*y**2 + 3*y + 35. Let r be g(-9). Suppose -2*z = -5*p + 1448 + 279, -5*z - r = -4*p. What is the units digit of p?
5
Let j = 14194 + -1611. What is the tens digit of j?
8
Let u(z) be the second derivative of z**5/20 - 7*z**4/3 + 59*z**3/6 + 6*z**2 + 2*z + 122. What is the units digit of u(26)?
4
Let x = -177 - -551. Suppose 717 = 3*z + 5*k, 3*z + k - x - 331 = 0. What is the units digit of z?
4
Suppose 0 = 3*x + 3*f + 2*f + 160, -f = -4*x - 221. What is the hundreds digit of -55*1*198/x?
1
Let i(j) = -j**2 + 3*j + 3. Let m be i(3). Suppose b - 251 = m*a, -a = -5*b + 576 + 749. Let u = -121 + b. What is the tens digit of u?
4
Let f(q) = -6*q**2 - 43*q + 8. Let z be f(-10). Let x = -449 + 212. Let c = z - x. What is the tens digit of c?
7
Let m(g) = 563*g**3 - 5*g**2 + 10*g - 10. Let h(x) = 1688*x**3 - 14*x**2 + 29*x - 29. Let z(n) = 6*h(n) - 17*m(n). What is the tens digit of z(1)?
5
Let z(f) = -f**3 - 5*f**2 + 12*f - 64. What is the tens digit of z(-16)?
6
Let l(o) = -4*o**2 + 2*o - 2. Suppose -4 = v + s - 0, 5*v = -s. Let c be l(v). What is the units digit of (-5)/((-45)/763) + c/(-18)?
5
Let p = -516 + 6097. What is the tens digit of p?
8
Let b(w) = 4*w**2 + 12*w - 13. Let k = 57 - 57. Suppose 0 = 2*u - g + 18, k = 4*u - 3*u + 2*g + 9. What is the tens digit of b(u)?
0
Suppose 5*n - 3*j = 50221, -2*n - j + 21599 = 1504. What is the thousands digit of n?
0
Let g(d) = -d**2 - 10*d - 8. Let v be g(-7). Suppose -4*i + v*i - 36 = 0. Suppose 2*n - 4*r = n + 2, i*n - 71 = -5*r. What is the tens digit of n?
1
Suppose 0 = g - 5*x - 4098, -2754 - 1352 = -g - 3*x. Suppose -14*m + g = -3*m. What is the units digit of m?
3
Let y(d) = -7*d + 203. Let g be y(-28). Let u = g + -64. What is the hundreds digit of u?
3
Suppose -43 = -6*t - 25. Suppose -t*a = -13*a + 4260. What is the units digit of a?
6
Let q(t) = 7*t - 19*t - t**2 + 46 - 14*t**2 + 2*t**3 - 34. What is the hundreds digit of q(10)?
3
Let o(s) = -10337*s + 7260. What is the ten thousands digit of o(-4)?
4
Let k be (-23510)/(-60) + 7 + (-2)/(-12). Suppose -o + 248 = -5*s - k, 2*s + 3258 = 5*o. What is the hundreds digit of o?
6
Let v(d) be the third derivative of 497*d**4/24 + 8*d**3/3 + 122*d**2. What is the units digit of v(1)?
3
Let f = 11024 - 6945. What is the thousands digit of f?
4
Let l = -52 - -502. Suppose q + 2*g = -q + l, -2*q - 5*g = -438. What is the hundreds digit of q?
2
Let l(g) = -627*g - 2041. What is the units digit of l(-27)?
8
Suppose 16*c + 28*c = 8*c + 655848. What is the thousands digit of c?
8
What is the thousands digit of (10 + -5649)*((1 - 1) + -1)?
5
Let w(r) = -5*r + 36. Let i(c) = c**3 - 10*c**2 - 13*c + 24. Let n be i(11). Suppose 0 = 5*l - n*j + 45, l - j = -0*l - 12. What is the units digit of w(l)?
1
What is the thousands digit of (-1)/(-5) + 4742784/480?
9
Suppose 239 = -5*u - 331. Let v = u - -553. What is the hundreds digit of v?
4
Let n(l) = 4*l**2 + 198*l + 876. What is the units digit of n(-67)?
6
Let r(m) = 114*m**2 - 182*m + 10. What is the hundreds digit of r(5)?
9
Suppose -2*m + 6*r + 103 = r, 5*m - 241 = -4*r. Suppose -m*g = -53*g - 4. What is the tens digit of 3/g - (13 + -200)?
8
What is the tens digit of 14302 + (-1)/3 + (-18)/27 + -3?
9
Let q(b) = 304*b**3 + 8*b**2 - 15*b - 8. What is the tens digit of q(3)?
2
Let w(h) = -h**2 - 31*h - 11. Let z(d) = d**3 + 16*d**2 - 19*d - 17. Let l be z(-17). Let t be 0 + 0 + 1 - (l - 0). What is the units digit of w(t)?
9
Let w(j) = 8*j - 11*j - 10*j - 9*j - 2. Let m be w(-2). Let i = -7 + m. What is the units digit of i?
5
Let r = -17148 - -49473. What is the thousands digit of r?
2
Suppose 10*h - 3380 = -540. Let c = 1149 - h. What is the hundreds digit of c?
8
Let u = -37274 + 40686. What is the hundreds digit of u?
4
Suppose -3*o + 6 = -0. Suppose 2*w = -q + 6 - o, 0 = -q. Suppose 0*d = -w*d + 396. What is the hundreds digit of d?
1
Suppose 1623656 = 88*g - 57*g. What is the ten thousands digit of g?
5
Suppose 59*r - 54*r = 3905. Let k = r + -306. What is the units digit of k?
5
Suppose -30*u + 1728 = -22*u. Suppose -11 = -5*k + y, k + 3 = 2*y - 2. Suppose -3*m + u = a - 107, k*m - 293 = 5*a. What is the hundreds digit of m?
1
Let x(t) = -14090*t**3 + 8*t**2 + 16*t + 8. What is the units digit of x(-1)?
0
Suppose -4421 = -g - 4*s + 24768, 4*g - 3*s = 11